{"id":37,"date":"2017-04-19T14:51:36","date_gmt":"2017-04-19T14:51:36","guid":{"rendered":"http:\/\/192.168.2.249\/t\/katja2\/?page_id=37"},"modified":"2020-12-28T08:02:01","modified_gmt":"2020-12-28T11:02:01","slug":"pinguinera-punihuil-navegacion-gastronomia","status":"publish","type":"page","link":"https:\/\/punihuil.cl\/web\/","title":{"rendered":"Inicio"},"content":{"rendered":"<p>[et_pb_section fb_built=\u00bb1&#8243; admin_label=\u00bbsection\u00bb _builder_version=\u00bb3.22&#8243;][et_pb_row padding_mobile=\u00bboff\u00bb column_padding_mobile=\u00bbon\u00bb admin_label=\u00bbrow\u00bb module_class=\u00bb et_pb_row_fullwidth et_pb_row_fullwidth\u00bb _builder_version=\u00bb3.25&#8243; background_size=\u00bbinitial\u00bb background_position=\u00bbtop_left\u00bb background_repeat=\u00bbrepeat\u00bb width=\u00bb89%\u00bb width_tablet=\u00bb80%\u00bb width_phone=\u00bb\u00bb width_last_edited=\u00bbon|desktop\u00bb max_width=\u00bb89%\u00bb max_width_tablet=\u00bb80%\u00bb max_width_phone=\u00bb\u00bb max_width_last_edited=\u00bbon|desktop\u00bb make_fullwidth=\u00bbon\u00bb use_custom_width=\u00bboff\u00bb width_unit=\u00bbon\u00bb][et_pb_column type=\u00bb4_4&#8243; _builder_version=\u00bb3.25&#8243; custom_padding=\u00bb|||\u00bb custom_padding__hover=\u00bb|||\u00bb][et_pb_code _builder_version=\u00bb4.6.5&#8243; vertical_offset_tablet=\u00bb0&#8243; horizontal_offset_tablet=\u00bb0&#8243; z_index_tablet=\u00bb0&#8243; box_shadow_horizontal_tablet=\u00bb0px\u00bb box_shadow_vertical_tablet=\u00bb0px\u00bb box_shadow_blur_tablet=\u00bb40px\u00bb box_shadow_spread_tablet=\u00bb0px\u00bb]<script data-cfasync=\"false\" type=\"text\/javascript\">var lsjQuery = jQuery;<\/script><script data-cfasync=\"false\" type=\"text\/javascript\" src=\"https:\/\/punihuil.cl\/web\/wp-content\/plugins\/LayerSlider\/static\/layerslider\/js\/layerslider.transitions.js?ver=6.3.0\"><\/script>\r\n<script data-cfasync=\"false\" type=\"text\/javascript\" src=\"https:\/\/punihuil.cl\/web\/wp-content\/plugins\/LayerSlider\/static\/layerslider\/js\/layerslider.kreaturamedia.jquery.js?ver=6.3.0\"><\/script>\r\n<script data-cfasync=\"false\" type=\"text\/javascript\" src=\"https:\/\/punihuil.cl\/web\/wp-content\/plugins\/LayerSlider\/static\/layerslider\/js\/greensock.js?ver=1.11.8\"><\/script>\r\n<script data-cfasync=\"false\" type=\"text\/javascript\">\r\nlsjQuery(document).ready(function() {\r\nif(typeof lsjQuery.fn.layerSlider == \"undefined\") {\r\nif( window._layerSlider && window._layerSlider.showNotice) { \r\nwindow._layerSlider.showNotice('layerslider_2','jquery');\r\n}\r\n} else {\r\nlsjQuery(\"#layerslider_2\").layerSlider({sliderVersion: '6.3.0', type: 'fullwidth', allowFullscreen: false, navStartStop: false, navButtons: false, skinsPath: 'https:\/\/punihuil.cl\/web\/wp-content\/plugins\/LayerSlider\/static\/layerslider\/skins\/'});\r\n}\r\n});\r\n<\/script><div id=\"layerslider_2\" class=\"ls-wp-container fitvidsignore\" style=\"width:1200px;height:550px;margin:0 auto;margin-bottom: 0px;\"><div class=\"ls-slide\" data-ls=\"bgsize:cover;duration:4000;transition2d:5;kenburnsscale:1.2;\"><img width=\"1024\" height=\"768\" src=\"https:\/\/punihuil.cl\/web\/wp-content\/uploads\/2018\/03\/NUEVA-PORTADA.jpg\" class=\"ls-bg\" alt=\"vista del restaurante bah\u00eda pu\u00f1ihuil\" loading=\"lazy\" srcset=\"https:\/\/punihuil.cl\/web\/wp-content\/uploads\/2018\/03\/NUEVA-PORTADA.jpg 1024w, https:\/\/punihuil.cl\/web\/wp-content\/uploads\/2018\/03\/NUEVA-PORTADA-300x225.jpg 300w, https:\/\/punihuil.cl\/web\/wp-content\/uploads\/2018\/03\/NUEVA-PORTADA-768x576.jpg 768w\" sizes=\"(max-width: 1024px) 100vw, 1024px\" \/><\/div><div class=\"ls-slide\" data-ls=\"bgsize:cover;bgposition:50% 0%;duration:4000;transition2d:5;kenburnsscale:1.2;\"><img width=\"1024\" height=\"550\" src=\"https:\/\/punihuil.cl\/web\/wp-content\/uploads\/2017\/05\/2-1024x683-2.jpg\" class=\"ls-bg\" alt=\"\" loading=\"lazy\" srcset=\"https:\/\/punihuil.cl\/web\/wp-content\/uploads\/2017\/05\/2-1024x683-2.jpg 1024w, https:\/\/punihuil.cl\/web\/wp-content\/uploads\/2017\/05\/2-1024x683-2-300x161.jpg 300w, https:\/\/punihuil.cl\/web\/wp-content\/uploads\/2017\/05\/2-1024x683-2-768x413.jpg 768w\" sizes=\"(max-width: 1024px) 100vw, 1024px\" \/><\/div><div class=\"ls-slide\" data-ls=\"bgsize:cover;bgposition:50% 0%;duration:4000;transition2d:5;kenburnsscale:1.2;\"><img width=\"1024\" height=\"550\" src=\"https:\/\/punihuil.cl\/web\/wp-content\/uploads\/2017\/05\/bote-pedro-agua-1024x604-2.jpg\" class=\"ls-bg\" alt=\"\" loading=\"lazy\" srcset=\"https:\/\/punihuil.cl\/web\/wp-content\/uploads\/2017\/05\/bote-pedro-agua-1024x604-2.jpg 1024w, https:\/\/punihuil.cl\/web\/wp-content\/uploads\/2017\/05\/bote-pedro-agua-1024x604-2-300x161.jpg 300w, https:\/\/punihuil.cl\/web\/wp-content\/uploads\/2017\/05\/bote-pedro-agua-1024x604-2-768x413.jpg 768w\" sizes=\"(max-width: 1024px) 100vw, 1024px\" \/><\/div><div class=\"ls-slide\" data-ls=\"bgsize:cover;duration:4000;transition2d:5;kenburnsscale:1.2;\"><img width=\"1024\" height=\"550\" src=\"https:\/\/punihuil.cl\/web\/wp-content\/uploads\/2017\/05\/4-1024x683-2.jpg\" class=\"ls-bg\" alt=\"\" loading=\"lazy\" srcset=\"https:\/\/punihuil.cl\/web\/wp-content\/uploads\/2017\/05\/4-1024x683-2.jpg 1024w, https:\/\/punihuil.cl\/web\/wp-content\/uploads\/2017\/05\/4-1024x683-2-300x161.jpg 300w, https:\/\/punihuil.cl\/web\/wp-content\/uploads\/2017\/05\/4-1024x683-2-768x413.jpg 768w\" sizes=\"(max-width: 1024px) 100vw, 1024px\" \/><h1 style=\"top:10px;left:10px;text-align:initial;font-weight:400;font-style:normal;text-decoration:none;wordwrap:false;opacity:1;\" class=\"ls-l\"><\/h1><\/div><\/div>[\/et_pb_code][et_pb_text _builder_version=\u00bb4.6.5&#8243; text_font_size=\u00bb17px\u00bb background_size=\u00bbinitial\u00bb background_position=\u00bbtop_left\u00bb background_repeat=\u00bbrepeat\u00bb vertical_offset_tablet=\u00bb0&#8243; horizontal_offset_tablet=\u00bb0&#8243; text_orientation=\u00bbjustified\u00bb hover_enabled=\u00bb0&#8243; z_index_tablet=\u00bb0&#8243; text_text_shadow_horizontal_length_tablet=\u00bb0px\u00bb text_text_shadow_vertical_length_tablet=\u00bb0px\u00bb text_text_shadow_blur_strength_tablet=\u00bb1px\u00bb link_text_shadow_horizontal_length_tablet=\u00bb0px\u00bb link_text_shadow_vertical_length_tablet=\u00bb0px\u00bb link_text_shadow_blur_strength_tablet=\u00bb1px\u00bb ul_text_shadow_horizontal_length_tablet=\u00bb0px\u00bb ul_text_shadow_vertical_length_tablet=\u00bb0px\u00bb ul_text_shadow_blur_strength_tablet=\u00bb1px\u00bb ol_text_shadow_horizontal_length_tablet=\u00bb0px\u00bb ol_text_shadow_vertical_length_tablet=\u00bb0px\u00bb ol_text_shadow_blur_strength_tablet=\u00bb1px\u00bb quote_text_shadow_horizontal_length_tablet=\u00bb0px\u00bb quote_text_shadow_vertical_length_tablet=\u00bb0px\u00bb quote_text_shadow_blur_strength_tablet=\u00bb1px\u00bb header_text_shadow_horizontal_length_tablet=\u00bb0px\u00bb header_text_shadow_vertical_length_tablet=\u00bb0px\u00bb header_text_shadow_blur_strength_tablet=\u00bb1px\u00bb header_2_text_shadow_horizontal_length_tablet=\u00bb0px\u00bb header_2_text_shadow_vertical_length_tablet=\u00bb0px\u00bb header_2_text_shadow_blur_strength_tablet=\u00bb1px\u00bb header_3_text_shadow_horizontal_length_tablet=\u00bb0px\u00bb header_3_text_shadow_vertical_length_tablet=\u00bb0px\u00bb header_3_text_shadow_blur_strength_tablet=\u00bb1px\u00bb header_4_text_shadow_horizontal_length_tablet=\u00bb0px\u00bb header_4_text_shadow_vertical_length_tablet=\u00bb0px\u00bb header_4_text_shadow_blur_strength_tablet=\u00bb1px\u00bb header_5_text_shadow_horizontal_length_tablet=\u00bb0px\u00bb header_5_text_shadow_vertical_length_tablet=\u00bb0px\u00bb header_5_text_shadow_blur_strength_tablet=\u00bb1px\u00bb header_6_text_shadow_horizontal_length_tablet=\u00bb0px\u00bb header_6_text_shadow_vertical_length_tablet=\u00bb0px\u00bb header_6_text_shadow_blur_strength_tablet=\u00bb1px\u00bb box_shadow_horizontal_tablet=\u00bb0px\u00bb box_shadow_vertical_tablet=\u00bb0px\u00bb box_shadow_blur_tablet=\u00bb40px\u00bb box_shadow_spread_tablet=\u00bb0px\u00bb use_border_color=\u00bboff\u00bb sticky_enabled=\u00bb0&#8243;]<\/p>\n<p class=\"p1\"><strong>Pu\u00f1ihuil\u00a0<\/strong>es una hermosa playa ubicada en la Costa noroeste del Pac\u00edfico en la Isla Grande de Chilo\u00e9.<\/p>\n<p class=\"p1\">Desde la terraza de nuestro restaurant \u00a0pueden ver los 3 islotes que albergan una colonia mixta de ping\u00fcinos de Humboldt y de Magallanes.<\/p>\n<p class=\"p1\">Antes o despu\u00e9s de salir en bote a observar esas y muchas otras especies de aves marinas que alberga esta reserva natural, les invitamos a disfrutar de la gastronom\u00eda local, opciones vegetarianas, vinos, cervezas artesanales, caf\u00e9 de grano y kuchen casero.<\/p>\n<p>[\/et_pb_text][\/et_pb_column][\/et_pb_row][\/et_pb_section][et_pb_section fb_built=\u00bb1&#8243; _builder_version=\u00bb3.22&#8243;][et_pb_row column_structure=\u00bb1_2,1_2&#8243; _builder_version=\u00bb3.25&#8243; background_size=\u00bbinitial\u00bb background_position=\u00bbtop_left\u00bb background_repeat=\u00bbrepeat\u00bb][et_pb_column type=\u00bb1_2&#8243; _builder_version=\u00bb3.0.47&#8243; custom_padding=\u00bb|||\u00bb custom_padding__hover=\u00bb|||\u00bb][et_pb_text _builder_version=\u00bb4.6.5&#8243; background_size=\u00bbinitial\u00bb background_position=\u00bbtop_left\u00bb background_repeat=\u00bbrepeat\u00bb text_orientation=\u00bbjustified\u00bb use_border_color=\u00bboff\u00bb border_color=\u00bb#ffffff\u00bb border_style=\u00bbsolid\u00bb]<\/p>\n<div>\n<div style=\"float:left;\">\n<a href=\"http:\/\/punihuil.cl\"><img src=\"https:\/\/punihuil.cl\/web\/wp-content\/uploads\/2017\/04\/katjaLogo.png\" width=\"160\" style=\"margin: 0px 20px\"><\/a>\n<\/div>\n<div style=\"float:left;\">\nTurismo y Gastronom\u00eca Bah\u00eca Pu\u00f1ihuil<br \/>\npunihuil@gmail.com<br \/>\ntel: +56-9- 6556780<br \/>\nPu\u00f1ihuil rural s\/n\n<\/div>\n<\/div>\n<p>[\/et_pb_text][\/et_pb_column][et_pb_column type=\u00bb1_2&#8243; _builder_version=\u00bb3.0.47&#8243; custom_padding=\u00bb|||\u00bb custom_padding__hover=\u00bb|||\u00bb][et_pb_text _builder_version=\u00bb4.6.5&#8243; background_size=\u00bbinitial\u00bb background_position=\u00bbtop_left\u00bb background_repeat=\u00bbrepeat\u00bb text_orientation=\u00bbjustified\u00bb use_border_color=\u00bboff\u00bb border_color=\u00bb#ffffff\u00bb border_style=\u00bbsolid\u00bb]<\/p>\n<div>\n<div style=\"float:right;\">\n<a href=\"https:\/\/www.tripadvisor.cl\/Restaurant_Review-g317803-d2459270-Reviews-Restaurant_Bahia_Punihuil-Ancud_Isla_Chiloe_Los_Lagos_Region.html\" target=\"_blank\" rel=\"noopener noreferrer\"><img src=\"https:\/\/punihuil.cl\/web\/wp-content\/uploads\/2017\/05\/tripadvisor.png\" style=\"margin: 0px 20px\" width=\"75\"><\/a>\n<\/div>\n<div style=\"float:right;\">\n<a href=\"https:\/\/www.facebook.com\/bahiapunihuil\/\" target=\"_blank\" rel=\"noopener noreferrer\"><img src=\"https:\/\/punihuil.cl\/web\/wp-content\/uploads\/2017\/04\/f_logo.png\" width=\"44\"><\/a>\n<\/div>\n<\/div>\n<p>[\/et_pb_text][\/et_pb_column][\/et_pb_row][\/et_pb_section]<\/p>\n","protected":false},"excerpt":{"rendered":"<p>[et_pb_section fb_built=\u00bb1&#8243; admin_label=\u00bbsection\u00bb _builder_version=\u00bb3.22&#8243;][et_pb_row padding_mobile=\u00bboff\u00bb column_padding_mobile=\u00bbon\u00bb admin_label=\u00bbrow\u00bb module_class=\u00bb et_pb_row_fullwidth et_pb_row_fullwidth\u00bb _builder_version=\u00bb3.25&#8243; background_size=\u00bbinitial\u00bb background_position=\u00bbtop_left\u00bb background_repeat=\u00bbrepeat\u00bb width=\u00bb89%\u00bb width_tablet=\u00bb80%\u00bb width_phone=\u00bb\u00bb width_last_edited=\u00bbon|desktop\u00bb max_width=\u00bb89%\u00bb max_width_tablet=\u00bb80%\u00bb max_width_phone=\u00bb\u00bb max_width_last_edited=\u00bbon|desktop\u00bb make_fullwidth=\u00bbon\u00bb use_custom_width=\u00bboff\u00bb width_unit=\u00bbon\u00bb][et_pb_column type=\u00bb4_4&#8243; _builder_version=\u00bb3.25&#8243; custom_padding=\u00bb|||\u00bb custom_padding__hover=\u00bb|||\u00bb][et_pb_code _builder_version=\u00bb4.6.5&#8243; vertical_offset_tablet=\u00bb0&#8243; horizontal_offset_tablet=\u00bb0&#8243; z_index_tablet=\u00bb0&#8243; box_shadow_horizontal_tablet=\u00bb0px\u00bb box_shadow_vertical_tablet=\u00bb0px\u00bb box_shadow_blur_tablet=\u00bb40px\u00bb box_shadow_spread_tablet=\u00bb0px\u00bb][\/et_pb_code][et_pb_text _builder_version=\u00bb4.6.5&#8243; text_font_size=\u00bb17px\u00bb background_size=\u00bbinitial\u00bb background_position=\u00bbtop_left\u00bb background_repeat=\u00bbrepeat\u00bb vertical_offset_tablet=\u00bb0&#8243; horizontal_offset_tablet=\u00bb0&#8243; text_orientation=\u00bbjustified\u00bb hover_enabled=\u00bb0&#8243; z_index_tablet=\u00bb0&#8243; text_text_shadow_horizontal_length_tablet=\u00bb0px\u00bb text_text_shadow_vertical_length_tablet=\u00bb0px\u00bb text_text_shadow_blur_strength_tablet=\u00bb1px\u00bb link_text_shadow_horizontal_length_tablet=\u00bb0px\u00bb link_text_shadow_vertical_length_tablet=\u00bb0px\u00bb link_text_shadow_blur_strength_tablet=\u00bb1px\u00bb ul_text_shadow_horizontal_length_tablet=\u00bb0px\u00bb ul_text_shadow_vertical_length_tablet=\u00bb0px\u00bb [&hellip;]<\/p>\n","protected":false},"author":1,"featured_media":0,"parent":0,"menu_order":0,"comment_status":"closed","ping_status":"closed","template":"","meta":{"_et_pb_use_builder":"on","_et_pb_old_content":"","_et_gb_content_width":""},"yoast_head":"<!-- This site is optimized with the Yoast SEO plugin v17.7.1 - https:\/\/yoast.com\/wordpress\/plugins\/seo\/ -->\n<title>Inicio - Restaurant Bah\u00eda Pu\u00f1ihuil<\/title>\n<meta name=\"robots\" content=\"index, follow, max-snippet:-1, max-image-preview:large, max-video-preview:-1\" \/>\n<link rel=\"canonical\" href=\"https:\/\/punihuil.cl\/web\/\" \/>\n<meta property=\"og:locale\" content=\"es_ES\" \/>\n<meta property=\"og:type\" content=\"article\" \/>\n<meta property=\"og:title\" content=\"Inicio - Restaurant Bah\u00eda Pu\u00f1ihuil\" \/>\n<meta property=\"og:description\" content=\"[et_pb_section fb_built=\u00bb1&#8243; admin_label=\u00bbsection\u00bb _builder_version=\u00bb3.22&#8243;][et_pb_row padding_mobile=\u00bboff\u00bb column_padding_mobile=\u00bbon\u00bb admin_label=\u00bbrow\u00bb module_class=\u00bb et_pb_row_fullwidth et_pb_row_fullwidth\u00bb _builder_version=\u00bb3.25&#8243; background_size=\u00bbinitial\u00bb background_position=\u00bbtop_left\u00bb background_repeat=\u00bbrepeat\u00bb width=\u00bb89%\u00bb width_tablet=\u00bb80%\u00bb width_phone=\u00bb\u00bb width_last_edited=\u00bbon|desktop\u00bb max_width=\u00bb89%\u00bb max_width_tablet=\u00bb80%\u00bb max_width_phone=\u00bb\u00bb max_width_last_edited=\u00bbon|desktop\u00bb make_fullwidth=\u00bbon\u00bb use_custom_width=\u00bboff\u00bb width_unit=\u00bbon\u00bb][et_pb_column type=\u00bb4_4&#8243; _builder_version=\u00bb3.25&#8243; custom_padding=\u00bb|||\u00bb custom_padding__hover=\u00bb|||\u00bb][et_pb_code _builder_version=\u00bb4.6.5&#8243; vertical_offset_tablet=\u00bb0&#8243; horizontal_offset_tablet=\u00bb0&#8243; z_index_tablet=\u00bb0&#8243; box_shadow_horizontal_tablet=\u00bb0px\u00bb box_shadow_vertical_tablet=\u00bb0px\u00bb box_shadow_blur_tablet=\u00bb40px\u00bb box_shadow_spread_tablet=\u00bb0px\u00bb][\/et_pb_code][et_pb_text _builder_version=\u00bb4.6.5&#8243; text_font_size=\u00bb17px\u00bb background_size=\u00bbinitial\u00bb background_position=\u00bbtop_left\u00bb background_repeat=\u00bbrepeat\u00bb vertical_offset_tablet=\u00bb0&#8243; horizontal_offset_tablet=\u00bb0&#8243; text_orientation=\u00bbjustified\u00bb hover_enabled=\u00bb0&#8243; z_index_tablet=\u00bb0&#8243; text_text_shadow_horizontal_length_tablet=\u00bb0px\u00bb text_text_shadow_vertical_length_tablet=\u00bb0px\u00bb text_text_shadow_blur_strength_tablet=\u00bb1px\u00bb link_text_shadow_horizontal_length_tablet=\u00bb0px\u00bb link_text_shadow_vertical_length_tablet=\u00bb0px\u00bb link_text_shadow_blur_strength_tablet=\u00bb1px\u00bb ul_text_shadow_horizontal_length_tablet=\u00bb0px\u00bb ul_text_shadow_vertical_length_tablet=\u00bb0px\u00bb [&hellip;]\" \/>\n<meta property=\"og:url\" content=\"https:\/\/punihuil.cl\/web\/\" \/>\n<meta property=\"og:site_name\" content=\"Restaurant Bah\u00eda Pu\u00f1ihuil\" \/>\n<meta property=\"article:publisher\" content=\"https:\/\/www.facebook.com\/bahiapunihuil\/\" \/>\n<meta property=\"article:modified_time\" content=\"2020-12-28T11:02:01+00:00\" \/>\n<meta property=\"og:image\" content=\"https:\/\/punihuil.cl\/web\/wp-content\/uploads\/2017\/04\/katjaLogo.png\" \/>\n<meta name=\"twitter:card\" content=\"summary_large_image\" \/>\n<meta name=\"twitter:label1\" content=\"Tiempo de lectura\" \/>\n\t<meta name=\"twitter:data1\" content=\"3 minutos\" \/>\n<script type=\"application\/ld+json\" class=\"yoast-schema-graph\">{\"@context\":\"https:\/\/schema.org\",\"@graph\":[{\"@type\":\"WebSite\",\"@id\":\"https:\/\/punihuil.cl\/web\/#website\",\"url\":\"https:\/\/punihuil.cl\/web\/\",\"name\":\"Restaurant Bah\\u00eda Pu\\u00f1ihuil\",\"description\":\"\",\"potentialAction\":[{\"@type\":\"SearchAction\",\"target\":{\"@type\":\"EntryPoint\",\"urlTemplate\":\"https:\/\/punihuil.cl\/web\/?s={search_term_string}\"},\"query-input\":\"required name=search_term_string\"}],\"inLanguage\":\"es\"},{\"@type\":\"ImageObject\",\"@id\":\"https:\/\/punihuil.cl\/web\/#primaryimage\",\"inLanguage\":\"es\",\"url\":\"https:\/\/punihuil.cl\/web\/wp-content\/uploads\/2017\/04\/katjaLogo.png\",\"contentUrl\":\"https:\/\/punihuil.cl\/web\/wp-content\/uploads\/2017\/04\/katjaLogo.png\",\"width\":350,\"height\":155},{\"@type\":\"WebPage\",\"@id\":\"https:\/\/punihuil.cl\/web\/#webpage\",\"url\":\"https:\/\/punihuil.cl\/web\/\",\"name\":\"Inicio - Restaurant Bah\\u00eda Pu\\u00f1ihuil\",\"isPartOf\":{\"@id\":\"https:\/\/punihuil.cl\/web\/#website\"},\"primaryImageOfPage\":{\"@id\":\"https:\/\/punihuil.cl\/web\/#primaryimage\"},\"datePublished\":\"2017-04-19T14:51:36+00:00\",\"dateModified\":\"2020-12-28T11:02:01+00:00\",\"breadcrumb\":{\"@id\":\"https:\/\/punihuil.cl\/web\/#breadcrumb\"},\"inLanguage\":\"es\",\"potentialAction\":[{\"@type\":\"ReadAction\",\"target\":[\"https:\/\/punihuil.cl\/web\/\"]}]},{\"@type\":\"BreadcrumbList\",\"@id\":\"https:\/\/punihuil.cl\/web\/#breadcrumb\",\"itemListElement\":[{\"@type\":\"ListItem\",\"position\":1,\"name\":\"Portada\",\"item\":\"https:\/\/punihuil.cl\/web\/\"},{\"@type\":\"ListItem\",\"position\":2,\"name\":\"Inicio\"}]}]}<\/script>\n<!-- \/ Yoast SEO plugin. -->","yoast_head_json":{"title":"Inicio - Restaurant Bah\u00eda Pu\u00f1ihuil","robots":{"index":"index","follow":"follow","max-snippet":"max-snippet:-1","max-image-preview":"max-image-preview:large","max-video-preview":"max-video-preview:-1"},"canonical":"https:\/\/punihuil.cl\/web\/","og_locale":"es_ES","og_type":"article","og_title":"Inicio - Restaurant Bah\u00eda Pu\u00f1ihuil","og_description":"[et_pb_section fb_built=\u00bb1&#8243; admin_label=\u00bbsection\u00bb _builder_version=\u00bb3.22&#8243;][et_pb_row padding_mobile=\u00bboff\u00bb column_padding_mobile=\u00bbon\u00bb admin_label=\u00bbrow\u00bb module_class=\u00bb et_pb_row_fullwidth et_pb_row_fullwidth\u00bb _builder_version=\u00bb3.25&#8243; background_size=\u00bbinitial\u00bb background_position=\u00bbtop_left\u00bb background_repeat=\u00bbrepeat\u00bb width=\u00bb89%\u00bb width_tablet=\u00bb80%\u00bb width_phone=\u00bb\u00bb width_last_edited=\u00bbon|desktop\u00bb max_width=\u00bb89%\u00bb max_width_tablet=\u00bb80%\u00bb max_width_phone=\u00bb\u00bb max_width_last_edited=\u00bbon|desktop\u00bb make_fullwidth=\u00bbon\u00bb use_custom_width=\u00bboff\u00bb width_unit=\u00bbon\u00bb][et_pb_column type=\u00bb4_4&#8243; _builder_version=\u00bb3.25&#8243; custom_padding=\u00bb|||\u00bb custom_padding__hover=\u00bb|||\u00bb][et_pb_code _builder_version=\u00bb4.6.5&#8243; vertical_offset_tablet=\u00bb0&#8243; horizontal_offset_tablet=\u00bb0&#8243; z_index_tablet=\u00bb0&#8243; box_shadow_horizontal_tablet=\u00bb0px\u00bb box_shadow_vertical_tablet=\u00bb0px\u00bb box_shadow_blur_tablet=\u00bb40px\u00bb box_shadow_spread_tablet=\u00bb0px\u00bb][\/et_pb_code][et_pb_text _builder_version=\u00bb4.6.5&#8243; text_font_size=\u00bb17px\u00bb background_size=\u00bbinitial\u00bb background_position=\u00bbtop_left\u00bb background_repeat=\u00bbrepeat\u00bb vertical_offset_tablet=\u00bb0&#8243; horizontal_offset_tablet=\u00bb0&#8243; text_orientation=\u00bbjustified\u00bb hover_enabled=\u00bb0&#8243; z_index_tablet=\u00bb0&#8243; text_text_shadow_horizontal_length_tablet=\u00bb0px\u00bb text_text_shadow_vertical_length_tablet=\u00bb0px\u00bb text_text_shadow_blur_strength_tablet=\u00bb1px\u00bb link_text_shadow_horizontal_length_tablet=\u00bb0px\u00bb link_text_shadow_vertical_length_tablet=\u00bb0px\u00bb link_text_shadow_blur_strength_tablet=\u00bb1px\u00bb ul_text_shadow_horizontal_length_tablet=\u00bb0px\u00bb ul_text_shadow_vertical_length_tablet=\u00bb0px\u00bb [&hellip;]","og_url":"https:\/\/punihuil.cl\/web\/","og_site_name":"Restaurant Bah\u00eda Pu\u00f1ihuil","article_publisher":"https:\/\/www.facebook.com\/bahiapunihuil\/","article_modified_time":"2020-12-28T11:02:01+00:00","og_image":[{"url":"https:\/\/punihuil.cl\/web\/wp-content\/uploads\/2017\/04\/katjaLogo.png"}],"twitter_card":"summary_large_image","twitter_misc":{"Tiempo de lectura":"3 minutos"},"schema":{"@context":"https:\/\/schema.org","@graph":[{"@type":"WebSite","@id":"https:\/\/punihuil.cl\/web\/#website","url":"https:\/\/punihuil.cl\/web\/","name":"Restaurant Bah\u00eda Pu\u00f1ihuil","description":"","potentialAction":[{"@type":"SearchAction","target":{"@type":"EntryPoint","urlTemplate":"https:\/\/punihuil.cl\/web\/?s={search_term_string}"},"query-input":"required name=search_term_string"}],"inLanguage":"es"},{"@type":"ImageObject","@id":"https:\/\/punihuil.cl\/web\/#primaryimage","inLanguage":"es","url":"https:\/\/punihuil.cl\/web\/wp-content\/uploads\/2017\/04\/katjaLogo.png","contentUrl":"https:\/\/punihuil.cl\/web\/wp-content\/uploads\/2017\/04\/katjaLogo.png","width":350,"height":155},{"@type":"WebPage","@id":"https:\/\/punihuil.cl\/web\/#webpage","url":"https:\/\/punihuil.cl\/web\/","name":"Inicio - Restaurant Bah\u00eda Pu\u00f1ihuil","isPartOf":{"@id":"https:\/\/punihuil.cl\/web\/#website"},"primaryImageOfPage":{"@id":"https:\/\/punihuil.cl\/web\/#primaryimage"},"datePublished":"2017-04-19T14:51:36+00:00","dateModified":"2020-12-28T11:02:01+00:00","breadcrumb":{"@id":"https:\/\/punihuil.cl\/web\/#breadcrumb"},"inLanguage":"es","potentialAction":[{"@type":"ReadAction","target":["https:\/\/punihuil.cl\/web\/"]}]},{"@type":"BreadcrumbList","@id":"https:\/\/punihuil.cl\/web\/#breadcrumb","itemListElement":[{"@type":"ListItem","position":1,"name":"Portada","item":"https:\/\/punihuil.cl\/web\/"},{"@type":"ListItem","position":2,"name":"Inicio"}]}]}},"_links":{"self":[{"href":"https:\/\/punihuil.cl\/web\/index.php\/wp-json\/wp\/v2\/pages\/37"}],"collection":[{"href":"https:\/\/punihuil.cl\/web\/index.php\/wp-json\/wp\/v2\/pages"}],"about":[{"href":"https:\/\/punihuil.cl\/web\/index.php\/wp-json\/wp\/v2\/types\/page"}],"author":[{"embeddable":true,"href":"https:\/\/punihuil.cl\/web\/index.php\/wp-json\/wp\/v2\/users\/1"}],"replies":[{"embeddable":true,"href":"https:\/\/punihuil.cl\/web\/index.php\/wp-json\/wp\/v2\/comments?post=37"}],"version-history":[{"count":63,"href":"https:\/\/punihuil.cl\/web\/index.php\/wp-json\/wp\/v2\/pages\/37\/revisions"}],"predecessor-version":[{"id":436,"href":"https:\/\/punihuil.cl\/web\/index.php\/wp-json\/wp\/v2\/pages\/37\/revisions\/436"}],"wp:attachment":[{"href":"https:\/\/punihuil.cl\/web\/index.php\/wp-json\/wp\/v2\/media?parent=37"}],"curies":[{"name":"wp","href":"https:\/\/api.w.org\/{rel}","templated":true}]}}